-11
What is -286 + 316 + 1 + 26?
57
What is the value of (31 - (8 - (0 - 2)) - 12) + -29?
-20
What is the value of 22 - -7 - 35 - ((5 - -41) + 4)?
-56
Evaluate -49 + 16 + -25 + 40.
-18
What is the value of -41 + 207 + -167 - 24?
-25
What is the value of (-15 - (18 - 20)) + 9 + (-18 - -10) + -98?
-110
Evaluate -72 - (45 - 47) - -78.
8
Evaluate 4142 - 4078 - ((-5 - -4) + -1 + -1).
67
Evaluate -1077 + 1145 - (85 + 3).
-20
(-33 - -17) + -1 - ((18 - 19) + 40)
-56
Evaluate 27 - (44 - 31) - 13 - (0 - 3).
4
Calculate 49 - (56 - (13 + -45)).
-39
What is 67 + (58 - (47 + 66))?
12
(-21 - -38 - 21) + -7 + (5 - 2) - -39
31
35 - (32 + -15 + 24)
-6
What is the value of -7112 + 7106 + -1 + -1 + 0 + 37 + 2?
31
Calculate -226 - -248 - (0 + 6) - -61.
77
Evaluate 5 - (-20 - 5) - (-35 - (-33 - 12)).
20
((24 - 52) + -9 - -4) + -24
-57
-2 - 0 - 6 - 0 - (3892 + -3945)
45
What is (-39 + -82 - -28) + (16 - (6 - 3))?
-80
What is the value of (-23 - 33) + 13 - -4?
-39
-43 + -27 + 65 + (-1 - 1) + 2 + 52
47
What is (-1 - (-2 + (17 - (17 + -13)))) + 58?
46
What is the value of 47 + -4 - (166 - 36)?
-87
Evaluate 0 - ((-9 - -8) + -10 - -23).
-12
-16 + 21 + -1 + -16 + 52
40
Calculate -4 + 32 + -5 + (-9 - (1 - (8 + -3))).
18
What is the value of -4 + (26 + 23 + -41 - (3 - 0) - 6)?
-5
What is -25 + (9 - (-13 - (-14 + 4))) + -2?
-15
What is the value of (-3 - 36) + 2407 + -2369?
-1
What is the value of 34 + 37 + (0 - -9) + -15 + 9 + 1?
75
Evaluate 4 + (59 - 24) + 22.
61
Calculate -6 + 9 + 14 + 33 + (-58 - -6).
-2
What is 29 + (-34 - 2) + 18 + (-35 - 2)?
-26
What is 31 - ((-26 - -18) + (-1 - (-2 + 0)))?
38
Evaluate 1899 - 1895 - (0 - 33 - 1 - (-9 + 9)).
38
Calculate -10 + (-1 - (-2 - 11)) + (57 - (9 + 116)).
-66
(-3 + 7 + -5 - (-28 + 19)) + 43
51
What is the value of -2 - 2 - (-8 - (3 + (-11 - -7) + 23))?
26
What is -16 - (-55 - 68) - 55?
52
Calculate -68 - -129 - (87 + -10).
-16
95 - (89 + -63 + 48)
21
Calculate 7 + -3 + 23 - (7 - -1) - 4.
15
What is (7 + 21 - 31 - (1 + 9)) + 17?
4
-2014 - -2091 - (139 + 2)
-64
Evaluate 14 + -4 + 3 + (-4 - 1).
8
1 - -102 - (14289 + -14204)
18
18 - 12 - (7 + -6) - (6 + 0)
-1
What is the value of -9 - (8 - -26) - -41?
-2
(3 - 7) + 51 + -14
33
Evaluate -105 - (-14 + -87) - (1 - 16).
11
1 - (-34 - -12 - 34)
57
Evaluate (-15 - 57) + (10 - (-11 - -34)) + (10 - 1).
-76
What is 131 - (156 - 298 - -240)?
33
What is the value of 8 + -11 + -62 + 49?
-16
31 + (-129 - -98) + 33
33
What is the value of -98 - (30 - 1 - (-127 + 177))?
-77
Evaluate (-32 + 68 + -29 - -8) + 0 + -2 - 112.
-99
What is the value of 256 + -223 + (-8 - -3 - 28)?
0
What is (18678 - 18632) + (-26 - 0)?
20
Calculate (-25901 - -25970) + (-9 + 2 - (0 - -2)).
60
What is the value of -2 - (22 + -16 + 41 + -4)?
-45
What is 76 + 6 + -115 + 64?
31
Evaluate 0 + 71 + (3 - (13 - 8)) + 9.
78
What is (-9 - ((-37 - -1) + 11)) + -6?
10
What is -7 + -3 + -8 + -13 + 0 + -2 + -6?
-39
Evaluate 47 - 49 - 23 - 38.
-63
What is (-11 - -52 - 3) + -41 + 40 + -11 + 4?
30
Calculate 57 + -49 + (-37 - -29) + (34 - 0).
34
What is (-2 + 2 - 5) + -49 + 53 + 1 + -17?
-17
What is the value of (17 + -5 - 2) + -4 + (2 - 3) - -2?
7
Evaluate (-1 - (11 + -2)) + (13 - 23 - 1) + 10.
-11
Evaluate 6 - (5 + -7 + 6 + -6 + 114).
-106
2 - ((1 - (19 - 16)) + 55) - 9
-60
What is the value of (21 - 27 - -17) + 9 + -3?
17
What is -3 + (26 + -117 - -85)?
-9
Calculate (311 - 330 - (-28 - -5)) + -74.
-70
87 - 11 - (-1 + 9 + -8 - (-7 + 7))
76
Calculate 0 + -14 - (-131 + 135 + -6).
-12
-6 - -24 - -29 - -26 - (5 - -1)
67
Evaluate (-9 - -36) + -28 - -21 - 50.
-30
Evaluate -10 - (-17 + -3) - -46 - 16.
40
What is the value of -34 + 40 + 10 + 38?
54
What is the value of -4 + -1 + (-75 - (-153 - -58))?
15
What is the value of -90 + 70 + -78 + 151?
53
Calculate 7 + -58 + 2 + (-7 - 5) + 10.
-51
What is the value of -43 + (-25 - 15) - -35?
-48
What is 43 + (369 - 334 - (-1 - -4))?
75
Calculate -87 + 7 + -5 + 55.
-30
2 - 7 - (-11 + -25 + 16)
15
What is 23 + 13 + (-211 - (-46 + 4))?
-133
Evaluate -107 - -113 - (1 + 0 + -1 - (280 - 241)).
45
What is the value of (11 + -6 - -5) + -8 + 3 - (-21 + -2)?
28
Calculate 83 - (-11 - (-44 + (-5 - -28))).
73
Evaluate -4 - (2 + 2) - 4 - (14 + -7).
-19
What is -80 + 2 + (55 + -75 - -25)?
-73
Calculate (5 - -18 - (-40 + 63)) + (1 - -5) + -55.
-49
Evaluate -11 + 4 + 3 - -84 - -6 - (622 - 613).
77
Evaluate (0 - 2) + -67 + (-415 - -416).
-68
(17 + -66 - 12) + (17 - -1)
-43
Calculate -1 - (68 + -4) - (-3935 - -3956).
-86
Evaluate (0 - -2 - -1) + (88 - 186) + 81.
-14
Evaluate 14 + -7 + -31 + 5 + (4 + -5 - 6).
-26
Evaluate (3 - -31) + 28 + -42 + 22.
42
What is the value of 39 - (67 + -80) - 30?
22
Evaluate 0 + -17 - (37 + -115 + 26).
35
What is 33 + (-15 - -44 - 19) + -22?
21
Evaluate -8 - 11 - (-4 + 10 - -4).
-29
27 + (-2 - 3) + 2 + 4
28
What is -5 + 3 + 82 + (30 - 68)?
42
(15 - 7) + -22 + 1 + (-102 - -118)
3
What is the value of (-76 - -84) + 65 - 110?
-37
What is the value of -23 + (19 - 22 - 15)?
-41
-10 - ((-4 - -25) + -3 + (-122 - -110))
-16
(-60 + -32 + 77 - (-2 - 16)) + 56
59
-13 - -2 - -58 - (84 + -83)
46
Evaluate (115 - 314) + 218 + (43 - (-2 + 1)).
63
What is 64 - (-11 + 4 + (1 - 0) + -428 + 443)?
55
What is 9 - (6 + -1 + -41 + 22 + -9)?
32
What is -4 + -6 + 13 + -6 + -12 + -2 + -40?
-57
(-7 - (12 + -33)) + -57
-43
Calculate 1 + (36 - ((1 - (1 - -7)) + 83 + -86)).
47
What is (79 - 67) + (-2 - -1 - (26 + -18))?
3
What is the value of 43 - (-23 - (74 + -96))?
44
Evaluate -13 + -9 - (11 + 15 + -22).
-26
Calculate 30 + (56 - (10 + (-10 - 2))).
88
Evaluate -9 - (-12 - 6 - (-9 - 15)).
-15
Evaluate -99 + -49 + (81 - -23).
-44
Evaluate -38 + 2 + (75 - -13).
52
Evaluate -1 + -1 - (646 - 693 - (14 - (2 + -3))).
60
Calculate 5 - (11 - 1 - (12 - 8) - 9).
8
-8 + (-14 - -7 - -19) + -9 - (-138 - 2)
135
10 - ((-67 - -57) + (3 - -11 - -10))
-4
What is 5705 - 5814 - (-23 + -2)?
-84
Calculate 17 - -18 - (60 - (1 - -7)).
-17
What is 13 + (0 - -102) + -34 - -6?
87
Calculate 4 + -34 + -3 + (1030 - 1023).
-26
Calculate (-15 - -55) + (-1 + 6 - (36 - 42)).
51
What is the value of -10 + (39 - (-3 - -7)) - -34?
59
What is the value of (-13 + 6 - (-29 + (-1 - -10))) + 46 - -13?
72
Evaluate 8 + (-255 - -275) + -31 + 1.
-2
What is 19 + (-2 - -36 - 1 - 23)?
29
Evaluate 8 - 148 - (447 + -523).
-64
(16 - (38 + 5)) + -6
-33
(-11 + (-20 - (-1 + -4)) - (-7 - -1)) + 7
-13
What is 53 + -54 - -31 - 70?
-40
What is -16 - -66 - ((1 - 4) + (-37 - -49))?
41
0 + (-26 - (-43 + 5)) + -26
-14
-14 + (8 - (-2 + (7 - 12) + -7))
8
(-2 - 5) + -1 + (6 - 0)
-2
Calculate (1 + (-24 - -2) - -1 - -9) + (-2 - -5).
-8
What is (2 - 2) + 156 + (258 - 260) + -15?
139
-16 + 63 + (-11 - (-12 - -22))
26
Calculate -43 + -88 + 23 + 71.
-37
(-86 - (-67 + 75)) + 159
65
Evaluate 43 + 4 - (-634 + 787).
-106
What is 24 - (-10 + 0 - -10) - 3 - (5 + -17)?
33
Calculate -75 + 78 + 1 + -13 - (-71 - (-19 + 9)).
52
62 + (72 - 47) + -31
56
What is the value of (1356 + -1322 - (43 - -2)) + -125?
-136
What is the value of (16 + -8 - 3 - 3) + (60 - (20 + -21))?
63
What is the value of -117 - (-68 + -57 + 59)?
-51
What is 223 + -153 - (2 - -21 - 0)?
47
143 + (-305 - (-192 - -133))
-103
7 - 9 - (-5 - -5) - 8 - -74
64
Evaluate (13 - 23) + (-10 - -2) + 30 + -49.
-37
Evaluate 1482 + -1526 + 0 + 92.
48
4356 + -4330 - (3 + 79 + 1) - (5 + 0)
-62
What is -6 + (-83 - (-44 + -85))?
40
Evaluate -2 + -8 + (49 - 80) + 20.
-21
Calculate -11 + 12 - ((-19 - -10) + 110).
-100
What is 6 - (4 - (-5 - -13)) - (-9 - -1 - -17)?
1
(2 - (-2 + -1)) + (49 + -42 - -58)
70
What is 74 + (-2 - -2 - (-4 + 5)) + (66 - 74)?
65
Evaluate 20 + -6 - (187 - 128).
-45
Evaluate (7 - -37) + (7 - (5 - (-2 + 6))) + -3.
47
Calculate -4 + -1 + (-7 - -5) + (93 - (-36 + 50)).
72
What is the value of -7 + -9 + 7 + -3 + 11 - 39?
-40
Calculate (-8 - -15 - 1 - 7) + (0 + -2 - 72).
-75
What is (16 - (1 - -2 - ((-5 - -3) + 3))) + 77?
91
Evaluate -2 + (-2 - -20) + -6 - (34 - 43).
19
-3642 + 3619 - (-3 - (2 - (0 + 2) - 15))
-35
Evaluate -4 - (7 - -3) - (-539 - -442).
83
What is the value of -48 + -4 + 1 + 3 + (209 - 195)?
-34
What is the value of 0 - 4 - (19 - 10 - (5 + -4 + 56))?
44
What is the value of -15 - (7 + -23 + -9 + 37) - 15?
-42
What is the value of (17 - (25 + 52)) + (-2 - 0) - (10 + -3)?
-69
53 - (4 + 96 - 104)
57
Evaluate 65 - (112 -